
Calculate the remainder when 619 is divided by 69.
67
What is the remainder when 195 is divided by 49?
48
What is the remainder when 3950 is divided by 172?
166
Calculate the remainder when 844 is divided by 13.
12
Calculate the remainder when 2098 is divided by 6.
4
Calculate the remainder when 134 is divided by 34.
32
Calculate the remainder when 476 is divided by 252.
224
What is the remainder when 2130 is divided by 190?
40
Calculate the remainder when 5217 is divided by 12.
9
What is the remainder when 2293 is divided by 19?
13
Calculate the remainder when 20 is divided by 7.
6
Calculate the remainder when 960 is divided by 50.
10
What is the remainder when 215 is divided by 59?
38
What is the remainder when 12537 is divided by 20?
17
What is the remainder when 17 is divided by 2?
1
What is the remainder when 113 is divided by 57?
56
What is the remainder when 1198 is divided by 120?
118
What is the remainder when 3484 is divided by 8?
4
Calculate the remainder when 1053 is divided by 59.
50
Calculate the remainder when 573 is divided by 32.
29
Calculate the remainder when 650 is divided by 110.
100
What is the remainder when 418 is divided by 203?
12
What is the remainder when 205 is divided by 16?
13
Calculate the remainder when 724 is divided by 187.
163
What is the remainder when 17 is divided by 5?
2
Calculate the remainder when 351 is divided by 73.
59
Calculate the remainder when 835 is divided by 416.
3
Calculate the remainder when 2324 is divided by 126.
56
Calculate the remainder when 70 is divided by 25.
20
What is the remainder when 574 is divided by 571?
3
What is the remainder when 2974 is divided by 24?
22
What is the remainder when 41171 is divided by 141?
140
Calculate the remainder when 235 is divided by 40.
35
What is the remainder when 665 is divided by 84?
77
What is the remainder when 102 is divided by 5?
2
What is the remainder when 1062 is divided by 269?
255
What is the remainder when 69 is divided by 44?
25
What is the remainder when 187 is divided by 124?
63
What is the remainder when 2176 is divided by 11?
9
Calculate the remainder when 294 is divided by 27.
24
What is the remainder when 158 is divided by 2?
0
What is the remainder when 1068 is divided by 215?
208
Calculate the remainder when 430 is divided by 24.
22
Calculate the remainder when 1244 is divided by 14.
12
What is the remainder when 51 is divided by 16?
3
What is the remainder when 458 is divided by 92?
90
Calculate the remainder when 1232 is divided by 32.
16
What is the remainder when 211 is divided by 65?
16
What is the remainder when 87 is divided by 46?
41
Calculate the remainder when 553 is divided by 482.
71
Calculate the remainder when 297 is divided by 51.
42
What is the remainder when 59 is divided by 36?
23
What is the remainder when 85 is divided by 4?
1
Calculate the remainder when 274 is divided by 210.
64
Calculate the remainder when 171 is divided by 109.
62
What is the remainder when 3571 is divided by 19?
18
Calculate the remainder when 1894 is divided by 13.
9
What is the remainder when 517 is divided by 72?
13
Calculate the remainder when 1684 is divided by 211.
207
Calculate the remainder when 264 is divided by 64.
8
What is the remainder when 4042 is divided by 43?
0
Calculate the remainder when 1120 is divided by 34.
32
What is the remainder when 10930 is divided by 45?
40
Calculate the remainder when 65 is divided by 27.
11
Calculate the remainder when 1961 is divided by 137.
43
Calculate the remainder when 3716 is divided by 177.
176
Calculate the remainder when 16367 is divided by 44.
43
What is the remainder when 1651 is divided by 53?
8
What is the remainder when 337 is divided by 113?
111
What is the remainder when 205 is divided by 117?
88
Calculate the remainder when 152 is divided by 29.
7
Calculate the remainder when 504 is divided by 162.
18
What is the remainder when 149 is divided by 39?
32
What is the remainder when 3923 is divided by 109?
108
What is the remainder when 203 is divided by 65?
8
What is the remainder when 341 is divided by 86?
83
What is the remainder when 262 is divided by 66?
64
What is the remainder when 2517 is divided by 105?
102
What is the remainder when 49 is divided by 21?
7
Calculate the remainder when 411 is divided by 16.
11
What is the remainder when 209 is divided by 22?
11
What is the remainder when 89 is divided by 48?
41
Calculate the remainder when 295 is divided by 11.
9
Calculate the remainder when 157 is divided by 19.
5
Calculate the remainder when 353 is divided by 179.
174
What is the remainder when 353 is divided by 184?
169
Calculate the remainder when 3874 is divided by 38.
36
What is the remainder when 151 is divided by 78?
73
What is the remainder when 449 is divided by 75?
74
Calculate the remainder when 611 is divided by 209.
193
Calculate the remainder when 1656 is divided by 329.
11
What is the remainder when 894 is divided by 16?
14
Calculate the remainder when 464 is divided by 42.
2
What is the remainder when 24 is divided by 4?
0
What is the remainder when 179 is divided by 37?
31
Calculate the remainder when 328 is divided by 55.
53
What is the remainder when 359 is divided by 44?
7
What is the remainder when 165 is divided by 14?
11
Calculate the remainder when 14908 is divided by 213.
211
What is the remainder when 581 is divided by 142?
13
What is the remainder when 103 is divided by 43?
17
Calculate the remainder when 413 is divided by 32.
29
What is the remainder when 1746 is divided by 575?
21
Calculate the remainder when 3323 is divided by 303.
293
What is the remainder when 103 is divided by 15?
13
What is the remainder when 359 is divided by 40?
39
Calculate the remainder when 124 is divided by 40.
4
What is the remainder when 616 is divided by 31?
27
What is the remainder when 1262 is divided by 23?
20
What is the remainder when 251 is divided by 36?
35
What is the remainder when 525 is divided by 141?
102
Calculate the remainder when 1528 is divided by 381.
4
Calculate the remainder when 106 is divided by 19.
11
Calculate the remainder when 36 is divided by 14.
8
What is the remainder when 1544 is divided by 91?
88
Calculate the remainder when 12 is divided by 3.
0
What is the remainder when 7305 is divided by 43?
38
Calculate the remainder when 429 is divided by 54.
51
Calculate the remainder when 407 is divided by 57.
8
Calculate the remainder when 13732 is divided by 18.
16
What is the remainder when 473 is divided by 330?
143
What is the remainder when 64 is divided by 17?
13
Calculate the remainder when 175 is divided by 61.
53
Calculate the remainder when 574 is divided by 32.
30
Calculate the remainder when 1972 is divided by 13.
9
Calculate the remainder when 1584 is divided by 429.
297
What is the remainder when 240 is divided by 106?
28
Calculate the remainder when 10371 is divided by 133.
130
Calculate the remainder when 1435 is divided by 39.
31
What is the remainder when 109 is divided by 78?
31
Calculate the remainder when 12 is divided by 7.
5
Calculate the remainder when 10617 is divided by 3537.
6
What is the remainder when 114 is divided by 14?
2
What is the remainder when 866 is divided by 109?
103
What is the remainder when 1546 is divided by 91?
90
What is the remainder when 646 is divided by 298?
50
Calculate the remainder when 58 is divided by 5.
3
Calculate the remainder when 32 is divided by 1.
0
Calculate the remainder when 6014 is divided by 8.
6
Calculate the remainder when 3495 is divided by 8.
7
What is the remainder when 6489 is divided by 32?
25
What is the remainder when 1858 is divided by 14?
10
Calculate the remainder when 76 is divided by 22.
10
Calculate the remainder when 94 is divided by 31.
1
What is the remainder when 4504 is divided by 2244?
16
What is the remainder when 9718 is divided by 120?
118
Calculate the remainder when 115 is divided by 44.
27
What is the remainder when 141 is divided by 37?
30
Calculate the remainder when 632 is divided by 5.
2
Calculate the remainder when 1108 is divided by 15.
13
What is the remainder when 358 is divided by 30?
28
Calculate the remainder when 209 is divided by 7.
6
What is the remainder when 367 is divided by 367?
0
What is the remainder when 76 is divided